{"id":241,"date":"2024-09-11T10:09:29","date_gmt":"2024-09-11T10:09:29","guid":{"rendered":"https:\/\/www.edificioelever.com\/?page_id=241"},"modified":"2025-06-02T19:53:41","modified_gmt":"2025-06-02T19:53:41","slug":"sostenibilidad-e-innovacion","status":"publish","type":"page","link":"https:\/\/www.edificioelever.com\/?page_id=241","title":{"rendered":"Sostenibilidad e innovaci\u00f3n"},"content":{"rendered":"\t\t<div data-elementor-type=\"wp-page\" data-elementor-id=\"241\" class=\"elementor elementor-241\" data-elementor-post-type=\"page\">\n\t\t\t\t<div class=\"elementor-element elementor-element-3a378ea e-con-full e-flex e-con e-parent\" data-id=\"3a378ea\" data-element_type=\"container\" data-settings=\"{&quot;background_background&quot;:&quot;classic&quot;}\">\n\t\t<div class=\"elementor-element elementor-element-472fec1 e-con-full e-flex e-con e-child\" data-id=\"472fec1\" data-element_type=\"container\">\n\t\t\t\t<div class=\"elementor-element elementor-element-96cf03d animated-slow elementor-invisible elementor-widget elementor-widget-progress\" data-id=\"96cf03d\" data-element_type=\"widget\" data-settings=\"{&quot;_animation&quot;:&quot;fadeIn&quot;,&quot;_animation_delay&quot;:0}\" data-widget_type=\"progress.default\">\n\t\t\t\t<div class=\"elementor-widget-container\">\n\t\t\t\t\t\n\t\t<div class=\"elementor-progress-wrapper\" role=\"progressbar\" aria-valuemin=\"0\" aria-valuemax=\"100\" aria-valuenow=\"100\">\n\t\t\t<div class=\"elementor-progress-bar\" data-max=\"100\">\n\t\t\t\t<span class=\"elementor-progress-text\"><\/span>\n\t\t\t\t\t\t\t<\/div>\n\t\t<\/div>\n\t\t\t\t\t\t<\/div>\n\t\t\t\t<\/div>\n\t\t<div class=\"elementor-element elementor-element-f61fe84 animated-slow e-flex e-con-boxed elementor-invisible e-con e-child\" data-id=\"f61fe84\" data-element_type=\"container\" data-settings=\"{&quot;animation&quot;:&quot;fadeIn&quot;,&quot;animation_delay&quot;:0}\">\n\t\t\t\t\t<div class=\"e-con-inner\">\n\t\t\t\t<div class=\"elementor-element elementor-element-e4b4250 animated-fast elementor-invisible elementor-widget elementor-widget-heading\" data-id=\"e4b4250\" data-element_type=\"widget\" data-settings=\"{&quot;_animation&quot;:&quot;fadeInUp&quot;,&quot;_animation_delay&quot;:0}\" data-widget_type=\"heading.default\">\n\t\t\t\t<div class=\"elementor-widget-container\">\n\t\t\t\t\t<h1 class=\"elementor-heading-title elementor-size-default\">Creando<\/h1>\t\t\t\t<\/div>\n\t\t\t\t<\/div>\n\t\t\t\t\t<\/div>\n\t\t\t\t<\/div>\n\t\t\t\t<div class=\"elementor-element elementor-element-e65b1be animated-slow elementor-invisible elementor-widget elementor-widget-progress\" data-id=\"e65b1be\" data-element_type=\"widget\" data-settings=\"{&quot;_animation&quot;:&quot;fadeIn&quot;,&quot;_animation_delay&quot;:0}\" data-widget_type=\"progress.default\">\n\t\t\t\t<div class=\"elementor-widget-container\">\n\t\t\t\t\t\n\t\t<div class=\"elementor-progress-wrapper\" role=\"progressbar\" aria-valuemin=\"0\" aria-valuemax=\"100\" aria-valuenow=\"100\">\n\t\t\t<div class=\"elementor-progress-bar\" data-max=\"100\">\n\t\t\t\t<span class=\"elementor-progress-text\"><\/span>\n\t\t\t\t\t\t\t<\/div>\n\t\t<\/div>\n\t\t\t\t\t\t<\/div>\n\t\t\t\t<\/div>\n\t\t<div class=\"elementor-element elementor-element-0c7ed61 animated-slow e-flex e-con-boxed elementor-invisible e-con e-child\" data-id=\"0c7ed61\" data-element_type=\"container\" data-settings=\"{&quot;animation&quot;:&quot;fadeIn&quot;,&quot;animation_delay&quot;:100}\">\n\t\t\t\t\t<div class=\"e-con-inner\">\n\t\t\t\t<div class=\"elementor-element elementor-element-614fad1 animated-fast elementor-invisible elementor-widget elementor-widget-heading\" data-id=\"614fad1\" data-element_type=\"widget\" data-settings=\"{&quot;_animation&quot;:&quot;fadeInUp&quot;,&quot;_animation_delay&quot;:0}\" data-widget_type=\"heading.default\">\n\t\t\t\t<div class=\"elementor-widget-container\">\n\t\t\t\t\t<h1 class=\"elementor-heading-title elementor-size-default\">el futuro<\/h1>\t\t\t\t<\/div>\n\t\t\t\t<\/div>\n\t\t\t\t\t<\/div>\n\t\t\t\t<\/div>\n\t\t\t\t<div class=\"elementor-element elementor-element-396c26a animated-slow elementor-invisible elementor-widget elementor-widget-progress\" data-id=\"396c26a\" data-element_type=\"widget\" data-settings=\"{&quot;_animation&quot;:&quot;fadeIn&quot;,&quot;_animation_delay&quot;:50}\" data-widget_type=\"progress.default\">\n\t\t\t\t<div class=\"elementor-widget-container\">\n\t\t\t\t\t\n\t\t<div class=\"elementor-progress-wrapper\" role=\"progressbar\" aria-valuemin=\"0\" aria-valuemax=\"100\" aria-valuenow=\"100\">\n\t\t\t<div class=\"elementor-progress-bar\" data-max=\"100\">\n\t\t\t\t<span class=\"elementor-progress-text\"><\/span>\n\t\t\t\t\t\t\t<\/div>\n\t\t<\/div>\n\t\t\t\t\t\t<\/div>\n\t\t\t\t<\/div>\n\t\t<div class=\"elementor-element elementor-element-b6a975d animated-slow e-flex e-con-boxed elementor-invisible e-con e-child\" data-id=\"b6a975d\" data-element_type=\"container\" data-settings=\"{&quot;animation&quot;:&quot;fadeIn&quot;,&quot;animation_delay&quot;:200}\">\n\t\t\t\t\t<div class=\"e-con-inner\">\n\t\t\t\t<div class=\"elementor-element elementor-element-71186df animated-fast elementor-invisible elementor-widget elementor-widget-heading\" data-id=\"71186df\" data-element_type=\"widget\" data-settings=\"{&quot;_animation&quot;:&quot;fadeInUp&quot;,&quot;_animation_delay&quot;:0}\" data-widget_type=\"heading.default\">\n\t\t\t\t<div class=\"elementor-widget-container\">\n\t\t\t\t\t<h1 class=\"elementor-heading-title elementor-size-default\">con conciencia<\/h1>\t\t\t\t<\/div>\n\t\t\t\t<\/div>\n\t\t\t\t\t<\/div>\n\t\t\t\t<\/div>\n\t\t\t\t<div class=\"elementor-element elementor-element-fd34647 animated-slow elementor-invisible elementor-widget elementor-widget-progress\" data-id=\"fd34647\" data-element_type=\"widget\" data-settings=\"{&quot;_animation&quot;:&quot;fadeIn&quot;,&quot;_animation_delay&quot;:100}\" data-widget_type=\"progress.default\">\n\t\t\t\t<div class=\"elementor-widget-container\">\n\t\t\t\t\t\n\t\t<div class=\"elementor-progress-wrapper\" role=\"progressbar\" aria-valuemin=\"0\" aria-valuemax=\"100\" aria-valuenow=\"100\">\n\t\t\t<div class=\"elementor-progress-bar\" data-max=\"100\">\n\t\t\t\t<span class=\"elementor-progress-text\"><\/span>\n\t\t\t\t\t\t\t<\/div>\n\t\t<\/div>\n\t\t\t\t\t\t<\/div>\n\t\t\t\t<\/div>\n\t\t\t\t<\/div>\n\t\t\t\t<\/div>\n\t\t<div class=\"elementor-element elementor-element-f2c7968 e-flex e-con-boxed e-con e-parent\" data-id=\"f2c7968\" data-element_type=\"container\">\n\t\t\t\t\t<div class=\"e-con-inner\">\n\t\t<div class=\"elementor-element elementor-element-4667f9f e-flex e-con-boxed e-con e-child\" data-id=\"4667f9f\" data-element_type=\"container\">\n\t\t\t\t\t<div class=\"e-con-inner\">\n\t\t<div class=\"elementor-element elementor-element-7a485d9 e-con-full e-flex e-con e-child\" data-id=\"7a485d9\" data-element_type=\"container\">\n\t\t\t\t<div class=\"elementor-element elementor-element-ed403da animated-slow elementor-invisible elementor-widget elementor-widget-heading\" data-id=\"ed403da\" data-element_type=\"widget\" data-settings=\"{&quot;_animation&quot;:&quot;fadeIn&quot;}\" data-widget_type=\"heading.default\">\n\t\t\t\t<div class=\"elementor-widget-container\">\n\t\t\t\t\t<h2 class=\"elementor-heading-title elementor-size-default\">Bajo el concepto Green architecture, Elever se enorgullece de su compromiso con las personas y el medioambiente, asegurando el ma\u0301s alto nivel de bienestar fi\u0301sico, mental y emocional<\/h2>\t\t\t\t<\/div>\n\t\t\t\t<\/div>\n\t\t\t\t<\/div>\n\t\t\t\t\t<\/div>\n\t\t\t\t<\/div>\n\t\t\t\t\t<\/div>\n\t\t\t\t<\/div>\n\t\t<div class=\"elementor-element elementor-element-6adbd0b e-grid e-con-full e-con e-parent\" data-id=\"6adbd0b\" data-element_type=\"container\">\n\t\t<div class=\"elementor-element elementor-element-fb814f1 e-flex e-con-boxed e-con e-child\" data-id=\"fb814f1\" data-element_type=\"container\">\n\t\t\t\t\t<div class=\"e-con-inner\">\n\t\t\t\t<div class=\"elementor-element elementor-element-8231727 animated-slow elementor-invisible elementor-widget elementor-widget-image\" data-id=\"8231727\" data-element_type=\"widget\" data-settings=\"{&quot;_animation&quot;:&quot;fadeIn&quot;}\" data-widget_type=\"image.default\">\n\t\t\t\t<div class=\"elementor-widget-container\">\n\t\t\t\t\t\t\t\t\t\t\t\t\t\t\t<img fetchpriority=\"high\" decoding=\"async\" width=\"800\" height=\"577\" src=\"https:\/\/www.edificioelever.com\/wp-content\/uploads\/2024\/09\/img-sostenibilidad_1.webp\" class=\"attachment-large size-large wp-image-254\" alt=\"img-sostenibilidad_1\" srcset=\"https:\/\/www.edificioelever.com\/wp-content\/uploads\/2024\/09\/img-sostenibilidad_1.webp 884w, https:\/\/www.edificioelever.com\/wp-content\/uploads\/2024\/09\/img-sostenibilidad_1-300x217.webp 300w, https:\/\/www.edificioelever.com\/wp-content\/uploads\/2024\/09\/img-sostenibilidad_1-768x554.webp 768w\" sizes=\"(max-width: 800px) 100vw, 800px\" \/>\t\t\t\t\t\t\t\t\t\t\t\t\t\t\t<\/div>\n\t\t\t\t<\/div>\n\t\t<div class=\"elementor-element elementor-element-524612b animated-slow e-flex e-con-boxed elementor-invisible e-con e-child\" data-id=\"524612b\" data-element_type=\"container\" data-settings=\"{&quot;animation&quot;:&quot;fadeIn&quot;}\">\n\t\t\t\t\t<div class=\"e-con-inner\">\n\t\t<div class=\"elementor-element elementor-element-b9b82ce e-con-full e-flex e-con e-child\" data-id=\"b9b82ce\" data-element_type=\"container\">\n\t\t\t\t<div class=\"elementor-element elementor-element-8f262f2 elementor-widget elementor-widget-image\" data-id=\"8f262f2\" data-element_type=\"widget\" data-widget_type=\"image.default\">\n\t\t\t\t<div class=\"elementor-widget-container\">\n\t\t\t\t\t\t\t\t\t\t\t\t\t\t\t<img decoding=\"async\" width=\"167\" height=\"167\" src=\"https:\/\/www.edificioelever.com\/wp-content\/uploads\/2025\/06\/leed-platinum.png\" class=\"attachment-large size-large wp-image-1291\" alt=\"\" srcset=\"https:\/\/www.edificioelever.com\/wp-content\/uploads\/2025\/06\/leed-platinum.png 167w, https:\/\/www.edificioelever.com\/wp-content\/uploads\/2025\/06\/leed-platinum-150x150.png 150w\" sizes=\"(max-width: 167px) 100vw, 167px\" \/>\t\t\t\t\t\t\t\t\t\t\t\t\t\t\t<\/div>\n\t\t\t\t<\/div>\n\t\t\t\t<div class=\"elementor-element elementor-element-80ccb87 animated-slow elementor-invisible elementor-widget elementor-widget-heading\" data-id=\"80ccb87\" data-element_type=\"widget\" data-settings=\"{&quot;_animation&quot;:&quot;fadeIn&quot;}\" data-widget_type=\"heading.default\">\n\t\t\t\t<div class=\"elementor-widget-container\">\n\t\t\t\t\t<h2 class=\"elementor-heading-title elementor-size-default\">Leed Platino<\/h2>\t\t\t\t<\/div>\n\t\t\t\t<\/div>\n\t\t\t\t<\/div>\n\t\t\t\t<div class=\"elementor-element elementor-element-9c32296 elementor-widget elementor-widget-heading\" data-id=\"9c32296\" data-element_type=\"widget\" data-widget_type=\"heading.default\">\n\t\t\t\t<div class=\"elementor-widget-container\">\n\t\t\t\t\t<p class=\"elementor-heading-title elementor-size-default\">Liderazgo en Eficiencia\nEnerg\u00e9tica y Dise\u00f1o Sostenible<\/p>\t\t\t\t<\/div>\n\t\t\t\t<\/div>\n\t\t\t\t<div class=\"elementor-element elementor-element-52ae740 animated-slow elementor-invisible elementor-widget elementor-widget-heading\" data-id=\"52ae740\" data-element_type=\"widget\" data-settings=\"{&quot;_animation&quot;:&quot;fadeIn&quot;}\" data-widget_type=\"heading.default\">\n\t\t\t\t<div class=\"elementor-widget-container\">\n\t\t\t\t\t<p class=\"elementor-heading-title elementor-size-default\">Se trata de un sistema de calificaci\u00f3n reconocido globalmente que indica un compromiso excepcional con la sostenibilidad. Se centra en aspectos como la eficiencia energ\u00e9tica, la utilizaci\u00f3n \u00f3ptima de agua, la reducci\u00f3n de emisiones de CO\u2082 y la mejora de la calidad ambiental interior. Al alcanzar este sello, el edificio garantiza un entorno de trabajo saludable y un menor impacto ambiental.<\/p>\t\t\t\t<\/div>\n\t\t\t\t<\/div>\n\t\t\t\t\t<\/div>\n\t\t\t\t<\/div>\n\t\t\t\t\t<\/div>\n\t\t\t\t<\/div>\n\t\t<div class=\"elementor-element elementor-element-f428569 e-flex e-con-boxed e-con e-child\" data-id=\"f428569\" data-element_type=\"container\">\n\t\t\t\t\t<div class=\"e-con-inner\">\n\t\t\t\t<div class=\"elementor-element elementor-element-03deee3 animated-slow elementor-invisible elementor-widget elementor-widget-image\" data-id=\"03deee3\" data-element_type=\"widget\" data-settings=\"{&quot;_animation&quot;:&quot;fadeIn&quot;}\" data-widget_type=\"image.default\">\n\t\t\t\t<div class=\"elementor-widget-container\">\n\t\t\t\t\t\t\t\t\t\t\t\t\t\t\t<img decoding=\"async\" width=\"800\" height=\"585\" src=\"https:\/\/www.edificioelever.com\/wp-content\/uploads\/2024\/09\/img-sostenibilidad_2.webp\" class=\"attachment-large size-large wp-image-265\" alt=\"img-sostenibilidad_2\" srcset=\"https:\/\/www.edificioelever.com\/wp-content\/uploads\/2024\/09\/img-sostenibilidad_2.webp 872w, https:\/\/www.edificioelever.com\/wp-content\/uploads\/2024\/09\/img-sostenibilidad_2-300x219.webp 300w, https:\/\/www.edificioelever.com\/wp-content\/uploads\/2024\/09\/img-sostenibilidad_2-768x562.webp 768w\" sizes=\"(max-width: 800px) 100vw, 800px\" \/>\t\t\t\t\t\t\t\t\t\t\t\t\t\t\t<\/div>\n\t\t\t\t<\/div>\n\t\t<div class=\"elementor-element elementor-element-2a5581b animated-slow e-flex e-con-boxed elementor-invisible e-con e-child\" data-id=\"2a5581b\" data-element_type=\"container\" data-settings=\"{&quot;animation&quot;:&quot;fadeIn&quot;}\">\n\t\t\t\t\t<div class=\"e-con-inner\">\n\t\t<div class=\"elementor-element elementor-element-1de51c6 e-con-full e-flex e-con e-child\" data-id=\"1de51c6\" data-element_type=\"container\">\n\t\t\t\t<div class=\"elementor-element elementor-element-81d9436 elementor-widget elementor-widget-image\" data-id=\"81d9436\" data-element_type=\"widget\" data-widget_type=\"image.default\">\n\t\t\t\t<div class=\"elementor-widget-container\">\n\t\t\t\t\t\t\t\t\t\t\t\t\t\t\t<img loading=\"lazy\" decoding=\"async\" width=\"268\" height=\"250\" src=\"https:\/\/www.edificioelever.com\/wp-content\/uploads\/2025\/06\/well_platinum.png\" class=\"attachment-large size-large wp-image-1290\" alt=\"\" \/>\t\t\t\t\t\t\t\t\t\t\t\t\t\t\t<\/div>\n\t\t\t\t<\/div>\n\t\t\t\t<div class=\"elementor-element elementor-element-5a6cd58 animated-slow elementor-invisible elementor-widget elementor-widget-heading\" data-id=\"5a6cd58\" data-element_type=\"widget\" data-settings=\"{&quot;_animation&quot;:&quot;fadeIn&quot;}\" data-widget_type=\"heading.default\">\n\t\t\t\t<div class=\"elementor-widget-container\">\n\t\t\t\t\t<h2 class=\"elementor-heading-title elementor-size-default\">Well Platino<\/h2>\t\t\t\t<\/div>\n\t\t\t\t<\/div>\n\t\t\t\t<\/div>\n\t\t\t\t<div class=\"elementor-element elementor-element-7cb06b4 elementor-widget elementor-widget-heading\" data-id=\"7cb06b4\" data-element_type=\"widget\" data-widget_type=\"heading.default\">\n\t\t\t\t<div class=\"elementor-widget-container\">\n\t\t\t\t\t<p class=\"elementor-heading-title elementor-size-default\">Promoviendo el Bienestar Total<\/p>\t\t\t\t<\/div>\n\t\t\t\t<\/div>\n\t\t\t\t<div class=\"elementor-element elementor-element-5bbe98f animated-slow elementor-invisible elementor-widget elementor-widget-heading\" data-id=\"5bbe98f\" data-element_type=\"widget\" data-settings=\"{&quot;_animation&quot;:&quot;fadeIn&quot;}\" data-widget_type=\"heading.default\">\n\t\t\t\t<div class=\"elementor-widget-container\">\n\t\t\t\t\t<p class=\"elementor-heading-title elementor-size-default\">Es el primer est\u00e1ndar enfocado en la salud y bienestar de los usuarios del edificio. Esta certificaci\u00f3n refleja un alto nivel de dedicaci\u00f3n en el entorno construido, evaluando aspectos como la calidad del aire, el acceso a luz natural y el fomento de h\u00e1bitos saludables. Este sello asegura que los espacios no solo son sostenibles, sino que tambi\u00e9n mejoran la salud y la productividad de todos los que pasan tiempo en el edificio.<\/p>\t\t\t\t<\/div>\n\t\t\t\t<\/div>\n\t\t\t\t\t<\/div>\n\t\t\t\t<\/div>\n\t\t\t\t\t<\/div>\n\t\t\t\t<\/div>\n\t\t<div class=\"elementor-element elementor-element-4b095b2 e-flex e-con-boxed e-con e-child\" data-id=\"4b095b2\" data-element_type=\"container\">\n\t\t\t\t\t<div class=\"e-con-inner\">\n\t\t\t\t<div class=\"elementor-element elementor-element-ad6248c animated-slow elementor-invisible elementor-widget elementor-widget-image\" data-id=\"ad6248c\" data-element_type=\"widget\" data-settings=\"{&quot;_animation&quot;:&quot;fadeIn&quot;}\" data-widget_type=\"image.default\">\n\t\t\t\t<div class=\"elementor-widget-container\">\n\t\t\t\t\t\t\t\t\t\t\t\t\t\t\t<img loading=\"lazy\" decoding=\"async\" width=\"800\" height=\"577\" src=\"https:\/\/www.edificioelever.com\/wp-content\/uploads\/2024\/09\/img-sostenibilidad_3.webp\" class=\"attachment-large size-large wp-image-266\" alt=\"img-sostenibilidad_3\" srcset=\"https:\/\/www.edificioelever.com\/wp-content\/uploads\/2024\/09\/img-sostenibilidad_3.webp 884w, https:\/\/www.edificioelever.com\/wp-content\/uploads\/2024\/09\/img-sostenibilidad_3-300x217.webp 300w, https:\/\/www.edificioelever.com\/wp-content\/uploads\/2024\/09\/img-sostenibilidad_3-768x554.webp 768w\" sizes=\"(max-width: 800px) 100vw, 800px\" \/>\t\t\t\t\t\t\t\t\t\t\t\t\t\t\t<\/div>\n\t\t\t\t<\/div>\n\t\t<div class=\"elementor-element elementor-element-532f8d6 animated-slow e-flex e-con-boxed elementor-invisible e-con e-child\" data-id=\"532f8d6\" data-element_type=\"container\" data-settings=\"{&quot;animation&quot;:&quot;fadeIn&quot;}\">\n\t\t\t\t\t<div class=\"e-con-inner\">\n\t\t<div class=\"elementor-element elementor-element-bde26a8 e-con-full e-flex e-con e-child\" data-id=\"bde26a8\" data-element_type=\"container\">\n\t\t\t\t<div class=\"elementor-element elementor-element-58aac96 elementor-widget elementor-widget-image\" data-id=\"58aac96\" data-element_type=\"widget\" data-widget_type=\"image.default\">\n\t\t\t\t<div class=\"elementor-widget-container\">\n\t\t\t\t\t\t\t\t\t\t\t\t\t\t\t<img loading=\"lazy\" decoding=\"async\" width=\"146\" height=\"148\" src=\"https:\/\/www.edificioelever.com\/wp-content\/uploads\/2024\/09\/certificado_3-1.webp\" class=\"attachment-large size-large wp-image-268\" alt=\"Wiredscored gold\" \/>\t\t\t\t\t\t\t\t\t\t\t\t\t\t\t<\/div>\n\t\t\t\t<\/div>\n\t\t\t\t<div class=\"elementor-element elementor-element-0d43d7d animated-slow elementor-invisible elementor-widget elementor-widget-heading\" data-id=\"0d43d7d\" data-element_type=\"widget\" data-settings=\"{&quot;_animation&quot;:&quot;fadeIn&quot;}\" data-widget_type=\"heading.default\">\n\t\t\t\t<div class=\"elementor-widget-container\">\n\t\t\t\t\t<h2 class=\"elementor-heading-title elementor-size-default\">WiredScore Oro<\/h2>\t\t\t\t<\/div>\n\t\t\t\t<\/div>\n\t\t\t\t<\/div>\n\t\t\t\t<div class=\"elementor-element elementor-element-cf9a033 elementor-widget elementor-widget-heading\" data-id=\"cf9a033\" data-element_type=\"widget\" data-widget_type=\"heading.default\">\n\t\t\t\t<div class=\"elementor-widget-container\">\n\t\t\t\t\t<p class=\"elementor-heading-title elementor-size-default\">Conectividad y Tecnolog\u00eda\nde Vanguardia<\/p>\t\t\t\t<\/div>\n\t\t\t\t<\/div>\n\t\t\t\t<div class=\"elementor-element elementor-element-aeeeaad animated-slow elementor-invisible elementor-widget elementor-widget-heading\" data-id=\"aeeeaad\" data-element_type=\"widget\" data-settings=\"{&quot;_animation&quot;:&quot;fadeIn&quot;}\" data-widget_type=\"heading.default\">\n\t\t\t\t<div class=\"elementor-widget-container\">\n\t\t\t\t\t<p class=\"elementor-heading-title elementor-size-default\">Es una certificaci\u00f3n que eval\u00faa la infraestructura digital de los edificios, asegurando que est\u00e9n preparados para las demandas tecnol\u00f3gicas actuales y futuras. Con este sello, Elever se establece como un l\u00edder en conectividad y telecomunicaciones, que permite a las empresas operar sin interrupciones y con la m\u00e1xima eficiencia, garantizando la mejor calidad en servicios de internet y conectividad.<\/p>\t\t\t\t<\/div>\n\t\t\t\t<\/div>\n\t\t\t\t\t<\/div>\n\t\t\t\t<\/div>\n\t\t\t\t\t<\/div>\n\t\t\t\t<\/div>\n\t\t\t\t<\/div>\n\t\t\t\t<\/div>\n\t\t","protected":false},"excerpt":{"rendered":"<p>Creando el futuro con conciencia Bajo el concepto Green architecture, Elever se enorgullece de su compromiso con las personas y el medioambiente, asegurando el ma\u0301s alto nivel de bienestar fi\u0301sico, mental y emocional Leed Platino Liderazgo en Eficiencia Energ\u00e9tica y Dise\u00f1o Sostenible Se trata de un sistema de calificaci\u00f3n reconocido globalmente que indica un compromiso [&hellip;]<\/p>\n","protected":false},"author":1,"featured_media":0,"parent":0,"menu_order":0,"comment_status":"closed","ping_status":"closed","template":"elementor_header_footer","meta":{"footnotes":""},"class_list":["post-241","page","type-page","status-publish","hentry"],"_links":{"self":[{"href":"https:\/\/www.edificioelever.com\/index.php?rest_route=\/wp\/v2\/pages\/241","targetHints":{"allow":["GET"]}}],"collection":[{"href":"https:\/\/www.edificioelever.com\/index.php?rest_route=\/wp\/v2\/pages"}],"about":[{"href":"https:\/\/www.edificioelever.com\/index.php?rest_route=\/wp\/v2\/types\/page"}],"author":[{"embeddable":true,"href":"https:\/\/www.edificioelever.com\/index.php?rest_route=\/wp\/v2\/users\/1"}],"replies":[{"embeddable":true,"href":"https:\/\/www.edificioelever.com\/index.php?rest_route=%2Fwp%2Fv2%2Fcomments&post=241"}],"version-history":[{"count":34,"href":"https:\/\/www.edificioelever.com\/index.php?rest_route=\/wp\/v2\/pages\/241\/revisions"}],"predecessor-version":[{"id":1294,"href":"https:\/\/www.edificioelever.com\/index.php?rest_route=\/wp\/v2\/pages\/241\/revisions\/1294"}],"wp:attachment":[{"href":"https:\/\/www.edificioelever.com\/index.php?rest_route=%2Fwp%2Fv2%2Fmedia&parent=241"}],"curies":[{"name":"wp","href":"https:\/\/api.w.org\/{rel}","templated":true}]}}